{"id":3384,"date":"2026-01-13T20:22:56","date_gmt":"2026-01-13T19:22:56","guid":{"rendered":"https:\/\/levendetalenspaans.nl\/wordpress\/?page_id=3384"},"modified":"2026-03-01T10:55:11","modified_gmt":"2026-03-01T09:55:11","slug":"blanca-cano-gonzalez","status":"publish","type":"page","link":"https:\/\/levendetalenspaans.nl\/wordpress\/blanca-cano-gonzalez\/","title":{"rendered":"Blanca Cano Gonz\u00e1lez"},"content":{"rendered":"\t\t<div data-elementor-type=\"wp-page\" data-elementor-id=\"3384\" class=\"elementor elementor-3384\">\n\t\t\t\t<div class=\"elementor-element elementor-element-550df049 e-flex e-con-boxed e-con e-parent\" data-id=\"550df049\" data-element_type=\"container\" data-settings=\"{&quot;content_width&quot;:&quot;boxed&quot;}\" data-core-v316-plus=\"true\">\n\t\t\t\t\t<div class=\"e-con-inner\">\n\t\t\t\t<div class=\"elementor-element elementor-element-00d1725 elementor-widget elementor-widget-text-editor\" data-id=\"00d1725\" data-element_type=\"widget\" data-widget_type=\"text-editor.default\">\n\t\t\t\t<div class=\"elementor-widget-container\">\n\t\t\t<style>\/*! elementor - v3.19.0 - 07-02-2024 *\/\n.elementor-widget-text-editor.elementor-drop-cap-view-stacked .elementor-drop-cap{background-color:#69727d;color:#fff}.elementor-widget-text-editor.elementor-drop-cap-view-framed .elementor-drop-cap{color:#69727d;border:3px solid;background-color:transparent}.elementor-widget-text-editor:not(.elementor-drop-cap-view-default) .elementor-drop-cap{margin-top:8px}.elementor-widget-text-editor:not(.elementor-drop-cap-view-default) .elementor-drop-cap-letter{width:1em;height:1em}.elementor-widget-text-editor .elementor-drop-cap{float:left;text-align:center;line-height:1;font-size:50px}.elementor-widget-text-editor .elementor-drop-cap-letter{display:inline-block}<\/style>\t\t\t\t<p>La sesi\u00f3n ser\u00e1 impartida por <strong>Blanca Cano Gonz\u00e1lez en sustituci\u00f3n de <\/strong><strong>Mar\u00eda de Castro S\u00e1nchez<\/strong>, que lamentablemente no podr\u00e1 acompa\u00f1arnos esta vez.<\/p>\n<p>\u00a0<\/p>\n<hr \/>\n<p>Blanca realiz\u00f3 estudios en Lengua y Literatura Espa\u00f1olas e Iberoamericanas en la Universidad Aut\u00f3noma de M\u00e9xico. Posteriormente obtuvo un m\u00e1ster en Filolog\u00eda y m\u00e1ster en Did\u00e1ctica del Espa\u00f1ol como Lengua Extranjera en la Universidad de \u00c1msterdam.<\/p>\n<p>Su labor docente empez\u00f3 en M\u00e9xico donde tambi\u00e9n realiz\u00f3 investigaciones l\u00e9xicas en El Colegio de M\u00e9xico. Ha impartido espa\u00f1ol en todos los niveles de educaci\u00f3n media, educaci\u00f3n para adultos y dentro del \u00e1mbito universitario.\u00a0 Actualmente es coordinadora de la materia optativa de espa\u00f1ol en la Hogeschool Rotterdam.<\/p>\n<p>Autora de diversos m\u00e9todos did\u00e1cticos como el Espa\u00f1ol a nivel avanzado de NTI y readers para la Hogeschool Rotterdam, Blanca se ha dedicado desde 2005 a la did\u00e1ctica del espa\u00f1ol utilizando recursos digitales. Ha colaborado para Kennisnet y Levende Talen como webmaster.\u00a0Durante los\u00a0 cursos online &#8220;El genio de la botella&#8221; ofrecidos por Levende Talen <span style=\"font-size: 16px; font-style: normal; font-weight: 400;\">Spaans en 2025 ha compartido su conocimiento sobre agentes GPT\u00a0 como herramientas digitales que permiten la automatizaci\u00f3n de tareas docentes.<\/span><\/p>\n<p>\u00a0<\/p>\n<p><!-- \/wp:paragraph --><\/p>\n<p><!-- wp:paragraph --><\/p>\n<p><!-- \/wp:paragraph --><\/p>\n<p><!-- wp:paragraph --><\/p>\n<p><!-- \/wp:paragraph --><\/p>\n<p><!-- wp:paragraph --><\/p>\n<p><!-- \/wp:paragraph --><\/p>\t\t\t\t\t\t<\/div>\n\t\t\t\t<\/div>\n\t\t\t\t<div class=\"elementor-element elementor-element-cb2d9a7 elementor-widget elementor-widget-image\" data-id=\"cb2d9a7\" data-element_type=\"widget\" data-widget_type=\"image.default\">\n\t\t\t\t<div class=\"elementor-widget-container\">\n\t\t\t<style>\/*! elementor - v3.19.0 - 07-02-2024 *\/\n.elementor-widget-image{text-align:center}.elementor-widget-image a{display:inline-block}.elementor-widget-image a img[src$=\".svg\"]{width:48px}.elementor-widget-image img{vertical-align:middle;display:inline-block}<\/style>\t\t\t\t\t\t\t\t\t\t<img fetchpriority=\"high\" decoding=\"async\" width=\"300\" height=\"300\" src=\"https:\/\/levendetalenspaans.nl\/wordpress\/wp-content\/uploads\/2026\/03\/Blanca-Cano-Gonzalez_120kB-300x300.jpeg\" class=\"attachment-medium size-medium wp-image-3486\" alt=\"\" srcset=\"https:\/\/levendetalenspaans.nl\/wordpress\/wp-content\/uploads\/2026\/03\/Blanca-Cano-Gonzalez_120kB-300x300.jpeg 300w, https:\/\/levendetalenspaans.nl\/wordpress\/wp-content\/uploads\/2026\/03\/Blanca-Cano-Gonzalez_120kB-150x150.jpeg 150w, https:\/\/levendetalenspaans.nl\/wordpress\/wp-content\/uploads\/2026\/03\/Blanca-Cano-Gonzalez_120kB-768x768.jpeg 768w, https:\/\/levendetalenspaans.nl\/wordpress\/wp-content\/uploads\/2026\/03\/Blanca-Cano-Gonzalez_120kB.jpeg 1024w\" sizes=\"(max-width: 300px) 100vw, 300px\" \/>\t\t\t\t\t\t\t\t\t\t\t\t\t<\/div>\n\t\t\t\t<\/div>\n\t\t\t\t<div class=\"elementor-element elementor-element-45da961c elementor-widget elementor-widget-text-editor\" data-id=\"45da961c\" data-element_type=\"widget\" data-widget_type=\"text-editor.default\">\n\t\t\t\t<div class=\"elementor-widget-container\">\n\t\t\t\t\t\t\t\t\t\t\t\t\t<\/div>\n\t\t\t\t<\/div>\n\t\t\t\t\t<\/div>\n\t\t\t\t<\/div>\n\t\t<div class=\"elementor-element elementor-element-d103f45 e-flex e-con-boxed e-con e-parent\" data-id=\"d103f45\" data-element_type=\"container\" data-settings=\"{&quot;content_width&quot;:&quot;boxed&quot;}\" data-core-v316-plus=\"true\">\n\t\t\t\t\t<div class=\"e-con-inner\">\n\t\t\t\t<div class=\"elementor-element elementor-element-67ed05c elementor-widget elementor-widget-text-editor\" data-id=\"67ed05c\" data-element_type=\"widget\" data-widget_type=\"text-editor.default\">\n\t\t\t\t<div class=\"elementor-widget-container\">\n\t\t\t\t\t\t\t<h4>\u00a0<\/h4>\n<div>De sessie wordt verzorgd door <strong>Blanca Cano Gonz\u00e1lez<\/strong> ter vervanging van <strong>Mar\u00eda de Castro S\u00e1nchez<\/strong>, die ons helaas deze keer niet kan vergezellen.<\/div>\n<div>\u00a0<\/div>\n<hr \/>\n<div>\n<p>Blanca heeft Spaanse en Ibero-Amerikaanse Taal- en Letterkunde gestudeerd aan de Autonome Universiteit van Mexico. Daarna behaalde zij een master in Filologie en een master in Didactiek van het Spaans als Vreemde Taal aan de Universiteit van Amsterdam.<\/p>\n<p>Haar onderwijsloopbaan begon in Mexico, waar zij ook lexicaal onderzoek deed aan El Colegio de M\u00e9xico. Zij heeft Spaans gegeven op alle niveaus van het voortgezet onderwijs, in het volwassenenonderwijs en binnen het hoger onderwijs. Momenteel is zij co\u00f6rdinator van het keuzevak Spaans aan de Hogeschool Rotterdam.<\/p>\n<p>Als auteur van diverse didactische leermethoden, waaronder <em>Espa\u00f1ol a nivel avanzado<\/em> voor NTI en verschillende readers voor de Hogeschool Rotterdam, houdt Blanca zich sinds 2005 bezig met Spaansdidactiek met gebruik van digitale middelen. Zij heeft samengewerkt met Kennisnet en Levende Talen als webmaster. Tijdens de online cursussen <strong>&#8220;El genio de la botella&#8221;<\/strong>, aangeboden door Levende Talen Spaans in 2025, deelde zij haar kennis over GPT\u2011agenten als digitale hulpmiddelen die de automatisering van docententaken mogelijk maken.<\/p>\n<\/div>\n<p><!-- \/wp:paragraph --><\/p>\n<p><!-- wp:paragraph --><\/p>\n<p><!-- \/wp:paragraph --><\/p>\n<p><!-- wp:paragraph --><\/p>\n<p><!-- \/wp:paragraph --><\/p>\n<p><!-- wp:paragraph --><\/p>\n<p><!-- \/wp:paragraph --><\/p>\t\t\t\t\t\t<\/div>\n\t\t\t\t<\/div>\n\t\t\t\t\t<\/div>\n\t\t\t\t<\/div>\n\t\t\t\t<\/div>\n\t\t","protected":false},"excerpt":{"rendered":"<p>La sesi\u00f3n ser\u00e1 impartida por Blanca Cano Gonz\u00e1lez en sustituci\u00f3n de Mar\u00eda de Castro S\u00e1nchez, que lamentablemente no podr\u00e1 acompa\u00f1arnos esta vez. \u00a0 Blanca realiz\u00f3 estudios en Lengua y Literatura Espa\u00f1olas e Iberoamericanas en la Universidad Aut\u00f3noma de M\u00e9xico. Posteriormente obtuvo un m\u00e1ster en Filolog\u00eda y m\u00e1ster en Did\u00e1ctica del Espa\u00f1ol como Lengua Extranjera en [&hellip;]<\/p>\n","protected":false},"author":1,"featured_media":0,"parent":0,"menu_order":0,"comment_status":"closed","ping_status":"closed","template":"","meta":{"site-sidebar-layout":"default","site-content-layout":"","ast-site-content-layout":"default","site-content-style":"default","site-sidebar-style":"default","ast-global-header-display":"","ast-banner-title-visibility":"","ast-main-header-display":"","ast-hfb-above-header-display":"","ast-hfb-below-header-display":"","ast-hfb-mobile-header-display":"","site-post-title":"","ast-breadcrumbs-content":"","ast-featured-img":"","footer-sml-layout":"","theme-transparent-header-meta":"","adv-header-id-meta":"","stick-header-meta":"","header-above-stick-meta":"","header-main-stick-meta":"","header-below-stick-meta":"","astra-migrate-meta-layouts":"set","ast-page-background-enabled":"default","ast-page-background-meta":{"desktop":{"background-color":"var(--ast-global-color-4)","background-image":"","background-repeat":"repeat","background-position":"center center","background-size":"auto","background-attachment":"scroll","background-type":"","background-media":"","overlay-type":"","overlay-color":"","overlay-gradient":""},"tablet":{"background-color":"","background-image":"","background-repeat":"repeat","background-position":"center center","background-size":"auto","background-attachment":"scroll","background-type":"","background-media":"","overlay-type":"","overlay-color":"","overlay-gradient":""},"mobile":{"background-color":"","background-image":"","background-repeat":"repeat","background-position":"center center","background-size":"auto","background-attachment":"scroll","background-type":"","background-media":"","overlay-type":"","overlay-color":"","overlay-gradient":""}},"ast-content-background-meta":{"desktop":{"background-color":"var(--ast-global-color-5)","background-image":"","background-repeat":"repeat","background-position":"center center","background-size":"auto","background-attachment":"scroll","background-type":"","background-media":"","overlay-type":"","overlay-color":"","overlay-gradient":""},"tablet":{"background-color":"var(--ast-global-color-5)","background-image":"","background-repeat":"repeat","background-position":"center center","background-size":"auto","background-attachment":"scroll","background-type":"","background-media":"","overlay-type":"","overlay-color":"","overlay-gradient":""},"mobile":{"background-color":"var(--ast-global-color-5)","background-image":"","background-repeat":"repeat","background-position":"center center","background-size":"auto","background-attachment":"scroll","background-type":"","background-media":"","overlay-type":"","overlay-color":"","overlay-gradient":""}},"footnotes":""},"class_list":["post-3384","page","type-page","status-publish","hentry"],"_links":{"self":[{"href":"https:\/\/levendetalenspaans.nl\/wordpress\/wp-json\/wp\/v2\/pages\/3384","targetHints":{"allow":["GET"]}}],"collection":[{"href":"https:\/\/levendetalenspaans.nl\/wordpress\/wp-json\/wp\/v2\/pages"}],"about":[{"href":"https:\/\/levendetalenspaans.nl\/wordpress\/wp-json\/wp\/v2\/types\/page"}],"author":[{"embeddable":true,"href":"https:\/\/levendetalenspaans.nl\/wordpress\/wp-json\/wp\/v2\/users\/1"}],"replies":[{"embeddable":true,"href":"https:\/\/levendetalenspaans.nl\/wordpress\/wp-json\/wp\/v2\/comments?post=3384"}],"version-history":[{"count":14,"href":"https:\/\/levendetalenspaans.nl\/wordpress\/wp-json\/wp\/v2\/pages\/3384\/revisions"}],"predecessor-version":[{"id":3496,"href":"https:\/\/levendetalenspaans.nl\/wordpress\/wp-json\/wp\/v2\/pages\/3384\/revisions\/3496"}],"wp:attachment":[{"href":"https:\/\/levendetalenspaans.nl\/wordpress\/wp-json\/wp\/v2\/media?parent=3384"}],"curies":[{"name":"wp","href":"https:\/\/api.w.org\/{rel}","templated":true}]}}