{"id":2675,"date":"2026-01-04T10:58:33","date_gmt":"2026-01-04T09:58:33","guid":{"rendered":"https:\/\/levendetalenspaans.nl\/wordpress\/?page_id=2675"},"modified":"2026-01-13T09:43:08","modified_gmt":"2026-01-13T08:43:08","slug":"alike-last","status":"publish","type":"page","link":"https:\/\/levendetalenspaans.nl\/wordpress\/alike-last\/","title":{"rendered":"Alike Last"},"content":{"rendered":"\t\t<div data-elementor-type=\"wp-page\" data-elementor-id=\"2675\" class=\"elementor elementor-2675\">\n\t\t\t\t<div class=\"elementor-element elementor-element-550df049 e-flex e-con-boxed e-con e-parent\" data-id=\"550df049\" data-element_type=\"container\" data-settings=\"{&quot;content_width&quot;:&quot;boxed&quot;}\" data-core-v316-plus=\"true\">\n\t\t\t\t\t<div class=\"e-con-inner\">\n\t\t\t\t<div class=\"elementor-element elementor-element-00d1725 elementor-widget elementor-widget-text-editor\" data-id=\"00d1725\" data-element_type=\"widget\" data-widget_type=\"text-editor.default\">\n\t\t\t\t<div class=\"elementor-widget-container\">\n\t\t\t<style>\/*! elementor - v3.19.0 - 07-02-2024 *\/\n.elementor-widget-text-editor.elementor-drop-cap-view-stacked .elementor-drop-cap{background-color:#69727d;color:#fff}.elementor-widget-text-editor.elementor-drop-cap-view-framed .elementor-drop-cap{color:#69727d;border:3px solid;background-color:transparent}.elementor-widget-text-editor:not(.elementor-drop-cap-view-default) .elementor-drop-cap{margin-top:8px}.elementor-widget-text-editor:not(.elementor-drop-cap-view-default) .elementor-drop-cap-letter{width:1em;height:1em}.elementor-widget-text-editor .elementor-drop-cap{float:left;text-align:center;line-height:1;font-size:50px}.elementor-widget-text-editor .elementor-drop-cap-letter{display:inline-block}<\/style>\t\t\t\t<h4><span class=\"TextRun Highlight SCXW84061321 BCX8\" lang=\"ES-ES\" xml:lang=\"ES-ES\" data-contrast=\"none\"><span class=\"NormalTextRun SCXW84061321 BCX8\">Alike Last<\/span><\/span><\/h4>\n<p data-start=\"261\" data-end=\"559\"><strong data-start=\"261\" data-end=\"275\">Alike Last<\/strong> is afgestudeerd docente Frans en arbeids- en organisatiepsychologe. Zij ontwikkelt en verzorgt de cursussen <strong data-start=\"384\" data-end=\"404\">Vrolijk &amp; Frans\u00ae<\/strong> voor volwassenen, gebaseerd op Meervoudige Intelligenties en didactiek met begrijpelijke input, zoals <strong data-start=\"507\" data-end=\"515\">TPR\u00ae<\/strong>, <strong data-start=\"517\" data-end=\"526\">TPRS\u00ae<\/strong>, <strong data-start=\"528\" data-end=\"546\">Storylistening<\/strong> en <strong data-start=\"550\" data-end=\"558\">TPR\u00ae<\/strong>.<\/p>\n<p data-start=\"561\" data-end=\"980\">Via <a href=\"https:\/\/www.taalleermethoden.nl\/\"><strong data-start=\"565\" data-end=\"588\">Taalleermethoden.nl<\/strong><\/a> ontwikkelt en verzorgt zij samen met collega\u2019s nascholing voor taaldocenten en aankomende docenten MVT en NT2, met een focus op CI-technieken. Sinds 2003 zet zij zich actief in om TPR\u00ae opnieuw op de kaart te zetten in Nederland. Vanaf 2007 gebruikt zij TPRS\u00ae structureel in haar lessen en introduceerde zij deze aanpak in Nederland via workshops op de Landelijke Studiedag van Levende Talen.<\/p>\n<p data-start=\"982\" data-end=\"1225\">Alike Last volgde en verzorgde workshops op diverse internationale TPRS- en iFLT-conferenties in Europa en de Verenigde Staten, waar zij zich verder verdiepte in CI-didactiek en het observeren van TPRS-lessen in authentieke onderwijscontexten.<\/p>\n<p data-start=\"982\" data-end=\"1225\">\u00a0<\/p>\n<p><span lang=\"ES\"><img fetchpriority=\"high\" decoding=\"async\" class=\"size-medium wp-image-2677 aligncenter\" src=\"https:\/\/levendetalenspaans.nl\/wordpress\/wp-content\/uploads\/2026\/01\/AlikeLast-300x300.jpeg\" alt=\"\" width=\"300\" height=\"300\" srcset=\"https:\/\/levendetalenspaans.nl\/wordpress\/wp-content\/uploads\/2026\/01\/AlikeLast-300x300.jpeg 300w, https:\/\/levendetalenspaans.nl\/wordpress\/wp-content\/uploads\/2026\/01\/AlikeLast-150x150.jpeg 150w, https:\/\/levendetalenspaans.nl\/wordpress\/wp-content\/uploads\/2026\/01\/AlikeLast.jpeg 311w\" sizes=\"(max-width: 300px) 100vw, 300px\" \/><\/span><\/p>\n<p><!-- \/wp:paragraph --><\/p>\n<p><!-- wp:paragraph --><\/p>\n<p><!-- \/wp:paragraph --><\/p>\n<p><!-- wp:paragraph --><\/p>\n<p><!-- \/wp:paragraph --><\/p>\n<p><!-- wp:image {\"align\":\"center\",\"id\":2392,\"width\":\"538px\",\"height\":\"auto\",\"aspectRatio\":\"1.5\",\"scale\":\"cover\",\"sizeSlug\":\"full\",\"linkDestination\":\"none\"} --><\/p>\n<figure><\/figure>\n<p><!-- \/wp:image --><\/p>\n<p><!-- wp:paragraph --><\/p>\n<p><!-- wp:paragraph --><\/p>\n<p data-start=\"115\" data-end=\"438\"><strong data-start=\"115\" data-end=\"129\">Alike Last<\/strong> es profesora titulada de franc\u00e9s y psic\u00f3loga del trabajo y de las organizaciones. Desarrolla e imparte los cursos <strong data-start=\"244\" data-end=\"264\">Vrolijk &amp; Frans\u00ae<\/strong> para personas adultas, basados en la teor\u00eda de las Inteligencias M\u00faltiples y en una did\u00e1ctica de input comprensible, como <strong data-start=\"387\" data-end=\"395\">TPR\u00ae<\/strong>, <strong data-start=\"397\" data-end=\"406\">TPRS\u00ae<\/strong>, <strong data-start=\"408\" data-end=\"426\">Storylistening<\/strong> y <strong data-start=\"429\" data-end=\"437\" data-is-only-node=\"\">TPR\u00ae<\/strong>.<\/p>\n<p data-start=\"440\" data-end=\"1002\">A trav\u00e9s de <a href=\"https:\/\/www.taalleermethoden.nl\/\"><strong data-start=\"452\" data-end=\"475\">Taalleermethoden.nl<\/strong><\/a>, desarrolla e imparte, junto con otros colegas, formaci\u00f3n continua para profesorado y futuros docentes de lenguas modernas (MVT) y de neerland\u00e9s como segunda lengua (NT2), con un enfoque centrado en t\u00e9cnicas de <em data-start=\"687\" data-end=\"709\">Comprehensible Input<\/em> (CI). Desde 2003 trabaja activamente para volver a situar <strong data-start=\"768\" data-end=\"776\">TPR\u00ae<\/strong> en el panorama educativo neerland\u00e9s. A partir de 2007 comenz\u00f3 a utilizar <strong data-start=\"850\" data-end=\"859\">TPRS\u00ae<\/strong> de forma sistem\u00e1tica en sus clases e introdujo este enfoque en los Pa\u00edses Bajos mediante talleres en la Landelijke Studiedag de Levende Talen.<\/p>\n<p data-start=\"1004\" data-end=\"1269\">Alike Last ha participado y ha impartido talleres en diversos congresos internacionales de <strong data-start=\"1095\" data-end=\"1103\">TPRS<\/strong> e <strong data-start=\"1106\" data-end=\"1114\">iFLT<\/strong> en Europa y en los Estados Unidos, donde profundiz\u00f3 en la did\u00e1ctica basada en CI y en la observaci\u00f3n de clases de TPRS en contextos educativos aut\u00e9nticos.<\/p>\n<p>\u00a0<\/p>\n<p><!-- \/wp:paragraph --><\/p>\n<p><!-- wp:paragraph --><\/p>\n<p><!-- \/wp:paragraph --><\/p>\n<p><!-- wp:paragraph --><\/p>\n<p>\u00a0<\/p>\n<p><!-- \/wp:paragraph --><\/p>\n<p><!-- wp:paragraph --><\/p>\n<p><!-- \/wp:paragraph --><\/p>\n<p><!-- wp:paragraph --><\/p>\n<p><!-- \/wp:paragraph --><\/p>\n<p><!-- wp:paragraph --><\/p>\n<p><!-- \/wp:paragraph --><\/p>\t\t\t\t\t\t<\/div>\n\t\t\t\t<\/div>\n\t\t\t\t<div class=\"elementor-element elementor-element-45da961c elementor-widget elementor-widget-text-editor\" data-id=\"45da961c\" data-element_type=\"widget\" data-widget_type=\"text-editor.default\">\n\t\t\t\t<div class=\"elementor-widget-container\">\n\t\t\t\t\t\t\t\t\t\t\t\t\t<\/div>\n\t\t\t\t<\/div>\n\t\t\t\t\t<\/div>\n\t\t\t\t<\/div>\n\t\t\t\t<\/div>\n\t\t","protected":false},"excerpt":{"rendered":"<p>Alike Last Alike Last is afgestudeerd docente Frans en arbeids- en organisatiepsychologe. Zij ontwikkelt en verzorgt de cursussen Vrolijk &amp; Frans\u00ae voor volwassenen, gebaseerd op Meervoudige Intelligenties en didactiek met begrijpelijke input, zoals TPR\u00ae, TPRS\u00ae, Storylistening en TPR\u00ae. Via Taalleermethoden.nl ontwikkelt en verzorgt zij samen met collega\u2019s nascholing voor taaldocenten en aankomende docenten MVT en [&hellip;]<\/p>\n","protected":false},"author":3,"featured_media":0,"parent":0,"menu_order":0,"comment_status":"closed","ping_status":"closed","template":"","meta":{"site-sidebar-layout":"default","site-content-layout":"","ast-site-content-layout":"default","site-content-style":"default","site-sidebar-style":"default","ast-global-header-display":"","ast-banner-title-visibility":"","ast-main-header-display":"","ast-hfb-above-header-display":"","ast-hfb-below-header-display":"","ast-hfb-mobile-header-display":"","site-post-title":"","ast-breadcrumbs-content":"","ast-featured-img":"","footer-sml-layout":"","theme-transparent-header-meta":"","adv-header-id-meta":"","stick-header-meta":"","header-above-stick-meta":"","header-main-stick-meta":"","header-below-stick-meta":"","astra-migrate-meta-layouts":"set","ast-page-background-enabled":"default","ast-page-background-meta":{"desktop":{"background-color":"var(--ast-global-color-4)","background-image":"","background-repeat":"repeat","background-position":"center center","background-size":"auto","background-attachment":"scroll","background-type":"","background-media":"","overlay-type":"","overlay-color":"","overlay-gradient":""},"tablet":{"background-color":"","background-image":"","background-repeat":"repeat","background-position":"center center","background-size":"auto","background-attachment":"scroll","background-type":"","background-media":"","overlay-type":"","overlay-color":"","overlay-gradient":""},"mobile":{"background-color":"","background-image":"","background-repeat":"repeat","background-position":"center center","background-size":"auto","background-attachment":"scroll","background-type":"","background-media":"","overlay-type":"","overlay-color":"","overlay-gradient":""}},"ast-content-background-meta":{"desktop":{"background-color":"var(--ast-global-color-5)","background-image":"","background-repeat":"repeat","background-position":"center center","background-size":"auto","background-attachment":"scroll","background-type":"","background-media":"","overlay-type":"","overlay-color":"","overlay-gradient":""},"tablet":{"background-color":"var(--ast-global-color-5)","background-image":"","background-repeat":"repeat","background-position":"center center","background-size":"auto","background-attachment":"scroll","background-type":"","background-media":"","overlay-type":"","overlay-color":"","overlay-gradient":""},"mobile":{"background-color":"var(--ast-global-color-5)","background-image":"","background-repeat":"repeat","background-position":"center center","background-size":"auto","background-attachment":"scroll","background-type":"","background-media":"","overlay-type":"","overlay-color":"","overlay-gradient":""}},"footnotes":""},"class_list":["post-2675","page","type-page","status-publish","hentry"],"_links":{"self":[{"href":"https:\/\/levendetalenspaans.nl\/wordpress\/wp-json\/wp\/v2\/pages\/2675","targetHints":{"allow":["GET"]}}],"collection":[{"href":"https:\/\/levendetalenspaans.nl\/wordpress\/wp-json\/wp\/v2\/pages"}],"about":[{"href":"https:\/\/levendetalenspaans.nl\/wordpress\/wp-json\/wp\/v2\/types\/page"}],"author":[{"embeddable":true,"href":"https:\/\/levendetalenspaans.nl\/wordpress\/wp-json\/wp\/v2\/users\/3"}],"replies":[{"embeddable":true,"href":"https:\/\/levendetalenspaans.nl\/wordpress\/wp-json\/wp\/v2\/comments?post=2675"}],"version-history":[{"count":13,"href":"https:\/\/levendetalenspaans.nl\/wordpress\/wp-json\/wp\/v2\/pages\/2675\/revisions"}],"predecessor-version":[{"id":3331,"href":"https:\/\/levendetalenspaans.nl\/wordpress\/wp-json\/wp\/v2\/pages\/2675\/revisions\/3331"}],"wp:attachment":[{"href":"https:\/\/levendetalenspaans.nl\/wordpress\/wp-json\/wp\/v2\/media?parent=2675"}],"curies":[{"name":"wp","href":"https:\/\/api.w.org\/{rel}","templated":true}]}}